 multiple of 2?
False
Is 230 a factor of 55119469?
False
Is 6 a factor of 688380847?
False
Is 10116 a factor of 3144255120?
True
Does 428 divide 15464068?
True
Is 2024 a factor of 32285565?
False
Is 33760220 a multiple of 205?
True
Does 9 divide 1292328?
True
Does 128 divide 72115732?
False
Is 55040243 a multiple of 518?
False
Is 14 a factor of 57880274?
False
Is 627712243 a multiple of 11?
False
Is 320131480 a multiple of 20?
True
Does 9 divide 18122031?
True
Is 3454 a factor of 32676401?
False
Is 13 a factor of 176549347?
True
Is 3 a factor of 4770461?
False
Is 2996944636 a multiple of 1756?
False
Is 725 a factor of 30732830?
False
Is 3354 a factor of 1898328750?
False
Is 89561264 a multiple of 388?
True
Is 6 a factor of 43057288?
False
Is 39493529 a multiple of 1764?
False
Does 2349 divide 48469266?
True
Is 10748752 a multiple of 56?
True
Is 221142977 a multiple of 187?
False
Is 1556245 even?
False
Does 4 divide 390038914?
False
Does 1738 divide 39324945?
False
Does 1299 divide 717598776?
True
Is 43276548 a multiple of 677?
True
Is 112461839 a multiple of 858?
False
Does 1966 divide 747329478?
False
Is 150502904 a multiple of 398?
True
Is 293484603 a multiple of 12?
False
Does 52 divide 1109199468?
True
Is 910732805 a multiple of 7135?
True
Does 199 divide 30439548?
False
Is 27652275 a multiple of 2292?
False
Does 5 divide 46334260?
True
Does 3 divide 26732714?
False
Is 117390039 a multiple of 22?
False
Does 87 divide 68417235?
True
Is 105686399 a multiple of 4823?
True
Is 16 a factor of 1696785064?
False
Is 1423 a factor of 77136561?
True
Is 57913254 a multiple of 19?
True
Is 1442590143 a multiple of 50?
False
Is 76188904 a multiple of 7?
False
Is 410148872 a multiple of 6200?
False
Is 166 a factor of 34799410?
True
Is 1027538112 a multiple of 64?
True
Does 33 divide 33263135?
False
Is 3417785212 a multiple of 4324?
False
Is 420210 a multiple of 1015?
True
Is 8 a factor of 6186990?
False
Is 682967 even?
False
Does 354 divide 1349979000?
True
Is 272446473 a multiple of 39?
True
Is 45 a factor of 60208245?
True
Does 819 divide 515173932?
True
Does 6 divide 143330502?
True
Is 95 a factor of 828340055?
True
Is 1432 a factor of 154961016?
True
Does 4 divide 19799908?
True
Does 510 divide 1033422180?
True
Is 23058576 a multiple of 603?
False
Is 2101572676 a multiple of 14?
True
Is 105 a factor of 42160607?
False
Is 55 a factor of 50313890?
True
Does 24 divide 65794419?
False
Is 8479 a factor of 3245947738?
True
Does 1363 divide 5200475112?
False
Does 68 divide 221243440?
True
Is 29 a factor of 196317578?
False
Does 541 divide 49420197?
False
Is 18768800 a multiple of 580?
True
Does 2119 divide 43160465?
False
Is 31 a factor of 521933728?
False
Does 342 divide 777024?
True
Is 103819228 a multiple of 677?
False
Is 7 a factor of 31968833?
False
Is 45050715 a multiple of 307?
True
Does 2184 divide 132049008?
True
Is 36 a factor of 24029136?
True
Does 1861 divide 204193943?
False
Is 30335076 a multiple of 4?
True
Is 2114084896 a multiple of 22?
True
Is 451759327 a multiple of 22?
False
Does 104 divide 758923048?
True
Does 530 divide 24890920?
True
Does 314 divide 18510309?
False
Does 89 divide 387887785?
False
Is 96636750 a multiple of 4679?
False
Does 13 divide 40071065?
False
Is 368 a factor of 38725008?
True
Does 627 divide 73580545?
False
Is 2680 a factor of 902366720?
True
Is 3236729965 a multiple of 235?
True
Is 56720670 a multiple of 25?
False
Does 1783 divide 9540827651?
True
Is 4 a factor of 1431870?
False
Is 172 a factor of 200499024?
True
Does 947 divide 740576668?
False
Is 303216274 a multiple of 8865?
False
Is 384267923 a multiple of 2461?
True
Does 76 divide 175582227?
False
Is 6200041 a multiple of 302?
False
Is 166 a factor of 86736207?
False
Does 22 divide 635839380?
True
Is 9161 a factor of 2551090101?
False
Does 1804 divide 49151784?
True
Does 35 divide 495069393?
False
Is 551317078 a multiple of 1066?
True
Is 35028063 a multiple of 6?
False
Is 14 a factor of 5077164114?
False
Is 59 a factor of 616776678?
True
Is 341922377 a multiple of 136?
False
Does 29 divide 71386485?
False
Is 717514956 a multiple of 3?
True
Is 124855961 a multiple of 35?
False
Is 2317593400 a multiple of 2935?
True
Is 95 a factor of 268203145?
True
Is 50062405 a multiple of 145?
False
Is 2114 a factor of 33692932?
True
Is 43494287 a multiple of 2293?
False
Is 21733620 a multiple of 20?
True
Does 9 divide 52139907?
True
Is 46964687 a multiple of 77?
True
Does 210 divide 1370729220?
True
Is 3336 a factor of 585027648?
True
Is 553082730 a multiple of 5190?
True
Is 52 a factor of 31181800?
True
Is 59353184 a multiple of 105?
False
Is 336 a factor of 571976209?
False
Does 3 divide 14888302?
False
Is 39321026 a multiple of 1202?
True
Is 39 a factor of 670304579?
False
Does 43 divide 16385537?
True
Is 563 a factor of 432883944?
True
Does 20 divide 243469011?
False
Is 223480684 a multiple of 4?
True
Is 49137643 a multiple of 110?
False
Does 144 divide 1515639843?
False
Does 61 divide 24020092?
True
Is 56338354 a multiple of 12?
False
Does 568 divide 210536994?
False
Does 253 divide 279322355?
False
Is 1270 a factor of 50112930?
True
Is 295 a factor of 560163268?
False
Is 404930800 a multiple of 50?
True
Is 15904964 a multiple of 992?
False
Does 32 divide 148676192?
True
Is 812667929 a multiple of 99?
False
Does 32 divide 565394432?
True
Is 64 a factor of 146385984?
True
Does 389 divide 1711160722?
False
Does 1955 divide 17155125?
True
Is 2647732197 a multiple of 1329?
False
Does 184 divide 57235912?
False
Is 24913861 a multiple of 959?
True
Is 252473085 a multiple of 515?
True
Is 978 a factor of 207721706?
False
Is 1129 a factor of 136427231?
True
Is 82 a factor of 23634294?
False
Does 366 divide 151397364?
True
Is 139 a factor of 104055400?
True
Is 7 a factor of 121595011?
False
Is 233933300 a multiple of 6?
False
Is 24773801 a multiple of 3?
False
Does 12 divide 16799292?
True
Is 85335488 a multiple of 1072?
True
Is 1377 a factor of 86322528?
False
Is 124 a factor of 25887728?
True
Does 21 divide 28006697?
False
Is 701712196 a multiple of 626?
True
Is 819 a factor of 65496249?
True
Is 119 a factor of 1136860074?
True
Is 92018992 a multiple of 52?
True
Is 1818 a factor of 100563288?
False
Does 2449 divide 117943840?
True
Is 349302103 a multiple of 51?
False
Is 101448483 a multiple of 21?
False
Is 151 a factor of 199643379?
False
Does 25 divide 44925955?
False
Is 492 a factor of 1385607391?
False
Is 14988210 a multiple of 149?
False
Does 435 divide 1078357469?
False
Does 5872 divide 1894896455?
False
Is 47 a factor of 256286338?
False
Is 168544043 a multiple of 553?
False
Does 9 divide 51469292?
False
Does 2517 divide 712665897?
True
Is 235 a factor of 927318312?
False
Is 476 a factor of 43409296?
True
Is 435698155 a multiple of 5623?
True
Is 829765970 a multiple of 53?
False
Is 16 a factor of 268062400?
True
Does 41 divide 541341986?
False
Is 4150512 a multiple of 72?
True
Does 469 divide 493775972?
False
Is 7980104 a multiple of 1298?
True
Is 14 a factor of 634361862?
False
Is 8 a factor of 14712105?
False
Is 19293816 a multiple of 6?
True
Does 32 divide 139048244?
False
Is 77 a factor of 145467488?
False
Is 48 a factor of 42487104?
True
Is 20 a factor of 1148136548?
False
Does 1599 divide 240329700?
True
Is 152 a factor of 17391693?
False
Is 1602803247 a multiple of 359?
True
Is 93 a factor of 7046982?
True
Is 123268916 a multiple of 978?
False
Is 1059279510 a multiple of 10?
True
Does 506 divide 23641332?
True
Is 32 a factor of 135781248?
True
Is 983879801 a multiple of 34?
False
Is 626832 a multiple of 16?
True
Is 2174003720 a multiple of 28?
True
Is 3 a factor of 105021?
True
Is 26439735 a multiple of 145?
True
Does 16 divide 46512784?
True
Does 181 divide 86158650?
False
Is 60 a factor of 120385979?
False
Is 61 a factor of 4596091238?
True
Does 16 divide 483162480?
True
Is 18 a factor of 29901060?
True
Does 9 divide 2229374322?
True
Is 24482970 a multiple of 788?
False
Is 1272864688 a multiple of 28?
False
Is 9 a factor of 410759044?
False
Is 7 a factor of 62130873?
True
Is 4 a factor of 4998951?
False
Does 199 divide 1887752934?
False
Is 4 a factor of 11573578?
False
Does 125 divide 3075762?
False
Is 1366 a factor of 415026424?
False
Is 40861960 a multipl